et p be m(3). Suppose 0 = g - 69 + p. Is g a multiple of 18?
False
Is 20 a factor of ((-375)/(-10))/((-3)/(-6))?
False
Let t(d) = -d**2 + 2*d - 2. Let h be t(2). Is 10 a factor of 110/4 - h/(-4)?
False
Suppose -127 = -3*b + 101. Is 24 a factor of b?
False
Let a(j) be the second derivative of -j**5/20 + j**4/4 - 2*j**2 + 4*j. Is 14 a factor of a(-3)?
False
Suppose 7*s + 160 = 11*s. Does 10 divide s?
True
Suppose -3*z + 15 = 2*z. Suppose -5*l + 2*n = -83, -n = -z*l - l + 64. Let q = -5 + l. Does 7 divide q?
False
Let u(r) = -154*r - 15. Is 22 a factor of u(-2)?
False
Let a(c) = -c + 18. Let q be a(12). Let j(x) = 4*x + 6. Let m be j(q). Is m/(-1)*6/(-15) a multiple of 6?
True
Suppose -4*x + 255 = 99. Suppose x = 3*g - 0*g. Is 4 a factor of g?
False
Let i be (-24)/(-14) - 26/(-91). Suppose -5*l + 343 = -2*z, -i + 18 = -4*z. Is 18 a factor of l?
False
Suppose 3*g + 2*o + 3*o = -13, o = -4*g + 11. Suppose -2*h = 5*y - 34, -g*y + 0*h + 26 = 2*h. Is y a multiple of 8?
True
Suppose -5*l + 111 = -2*f - 118, 0 = 3*f + 6. Suppose 0 = -2*n + 3*n - l. Is 15 a factor of n?
True
Let g(q) = 5*q**2 + 4*q + 2. Does 2 divide g(-1)?
False
Suppose -5*i + 351 = 2*z, -5*i + 0*i = -z - 357. Suppose -i = -4*o + 85. Is o a multiple of 13?
True
Suppose 0*f = -f + 255. Is f a multiple of 15?
True
Let n(q) = 6*q + 1. Let z(f) = f + 8. Let b be z(-6). Suppose 0 = -2*o + b. Does 4 divide n(o)?
False
Let t(v) = 3*v + 0 + 1 + 0*v. Let l(s) = s**2 + 5*s + 6. Let o be l(-5). Does 10 divide t(o)?
False
Let z(t) = 37*t**2 + 4. Is z(-2) a multiple of 14?
False
Let n = 12 + -9. Suppose 1 = n*f - 2. Does 10 divide (f/1)/(3/60)?
True
Suppose i + 0 = 2*t - 3, 4*i - 9 = t. Is 10 a factor of (22 + t)*(-8)/(-5)?
True
Let r(q) = q**2 - q - 2. Let c(m) be the second derivative of m**4/12 - m. Let o(k) = 4*c(k) - 2*r(k). Is o(3) a multiple of 15?
False
Let w(n) be the third derivative of 0 + 7/120*n**6 + 1/24*n**4 - 1/60*n**5 - 1/6*n**3 + 2*n**2 + 0*n. Is w(1) a multiple of 6?
True
Let y = -4 - -6. Does 15 divide 312/9 - y/3?
False
Let b(y) = y + 1. Let i(z) = 5*z**2 + 7*z + 7. Let j(x) = -6*b(x) + i(x). Let d(a) be the first derivative of j(a). Does 21 divide d(2)?
True
Let i(t) = -t**3 + t**2 - t + 1. Let j be i(1). Is 14/7*(28 - j) a multiple of 12?
False
Suppose -39 = -h + 16. Does 11 divide h?
True
Suppose 14*n - 78 = 11*n. Is 13 a factor of n?
True
Let y = -171 + 250. Let i = y + -42. Is i a multiple of 14?
False
Suppose 2*t = -f - 0*t + 12, 3*f - 71 = t. Suppose -5*g + 13 - 3 = 0. Suppose -g*i + 4*i = -4*b + f, 3*b - i = 24. Is b even?
False
Let x be (-698)/2*-1 - 2. Suppose -4*l + 5*c = 4*c - x, -2*l = -c - 171. Does 21 divide l?
False
Let q = -91 - -136. Suppose 2*u = -u + q. Is 11 a factor of u?
False
Let k be ((-14)/(-8))/(1/4). Suppose k*s - 3*s = 92. Is 17 a factor of s?
False
Suppose -z = -4*z + 12. Suppose -r = -3*r - z. Is 4 a factor of 4/(-4) + (-20)/r?
False
Let a = -4 + 0. Let l(g) = -g**3 - 2*g**2 + 4*g + 2. Is l(a) a multiple of 9?
True
Let r(i) = 2*i**3 - 2*i**2 - i - 1. Is r(2) a multiple of 5?
True
Let d be -3 - 5/((-10)/4). Let f be (7 - (-1 + -1))/d. Does 11 divide ((-75)/9)/(3/f)?
False
Suppose 3*q - 5 = -2*q. Let r be (7/(-3))/(1/(-18)). Let h = q + r. Is h a multiple of 18?
False
Let q be (0 - 4)*-104*1. Is 16 a factor of 2/(-3) - q/(-12)?
False
Suppose 4*s - 40 = -s. Does 3 divide s?
False
Suppose 1575 = 21*p - 273. Is p a multiple of 4?
True
Suppose -2*w = -w - 4. Suppose -11 = -3*b - 5*u, 0*b - 2*b = -w*u. Suppose 2*l = -5*m + 41, -14 + 4 = -b*m. Is 8 a factor of l?
True
Suppose -2*m - 5 = -233. Suppose -o + 151 = 4*u - 1, -5*o = -3*u + m. Is 15 a factor of u?
False
Let j = 67 + -113. Let y = 78 + j. Is 8 a factor of y?
True
Let p(g) = g + 8. Let v(z) = z + 7. Let d be ((-2)/(-3))/((-6)/(-45)). Let x(s) = d*p(s) - 4*v(s). Is x(0) a multiple of 12?
True
Let d be (-4 + 2 + 58)*1. Let u be 1/((0 - 1)/(-4)). Suppose u*k - 24 - d = 0. Is 10 a factor of k?
True
Suppose 0*v = 4*v - 8. Suppose -2*y - i - v*i - 12 = 0, -4 = 5*y + i. Suppose o + 2*n + 7 - 42 = y, 219 = 5*o - n. Is 20 a factor of o?
False
Let r(o) = -o**2 - 15*o + 6. Let u = -44 + 31. Is r(u) a multiple of 28?
False
Let u(i) = 49*i + 3. Is u(1) a multiple of 9?
False
Let g(w) = 2*w**2 - 5*w - 1. Let f = -2 + 6. Does 6 divide g(f)?
False
Let s = -95 + 195. Is s a multiple of 9?
False
Let p(c) = -6*c**2 + 12*c - 4. Let z(b) = 4*b**2 - 8*b + 3. Let n(x) = 5*p(x) + 8*z(x). Is n(4) a multiple of 9?
False
Let p be 0/(2*3/(-6)). Let w = p - -2. Let j(m) = 7*m + 1. Is j(w) a multiple of 14?
False
Let l(f) = -f**3 + 4*f**2 - 2*f. Let z be l(3). Suppose -z*g + 2 + 127 = 0. Let k = g + -27. Does 16 divide k?
True
Let x = -44 + 48. Is 4 a factor of x?
True
Let t = -1 - -3. Let s be -2 - (-1 + (-32)/t). Suppose k - s = 18. Does 19 divide k?
False
Suppose 2*r - 6*r - 448 = 0. Let p = -80 - r. Suppose -2*o - 12 = -2*l, 3*l + 0*o = -4*o + p. Is l a multiple of 5?
False
Suppose -4*j + 79 = -101. Is 13 a factor of j?
False
Let i(c) = -c**3 - c + 19. Is i(0) a multiple of 19?
True
Suppose 0 = -h - h + 8. Suppose -2*r = -2*z + 51 + 3, 0 = r + 5. Is 10 a factor of h + -6 - (0 - z)?
True
Suppose 3*u - 164 = 16. Is 15 a factor of u?
True
Suppose -2*n = -7*n + 540. Does 18 divide 1/(((-15)/n)/(-5))?
True
Is 5 a factor of -2*27/(-2) - (3 - 1)?
True
Let r be (-38)/4 + (-2)/4. Let x = r + 7. Is (-1)/x + 101/3 a multiple of 17?
True
Let g = 9 - -51. Suppose -a = -5*a + g. Is a a multiple of 6?
False
Let i(m) = 8*m**2 - 4*m - 13. Let j(t) = -3*t**2 + t + 4. Let x(u) = -4*i(u) - 11*j(u). Is 9 a factor of x(-6)?
False
Let k be (-180)/14*21/(-3). Suppose 9*d - k = 8*d. Does 22 divide d?
False
Let f be 1/((-1)/4) + 7. Suppose f*h = 3*o - 165, -5*h - 260 = -5*o - 3*h. Is o a multiple of 19?
False
Let v(i) = -i**3 - 6*i**2 - 5*i + 2. Let u be v(-5). Suppose -3*l + 14 = u. Is (-3)/(-3)*(l - -1) a multiple of 4?
False
Let h(u) = 5*u**2 + 2*u + 1. Let j be h(-1). Suppose j*k = 79 + 17. Does 8 divide k?
True
Let b(x) = x**3 - x**2. Let h be b(0). Suppose 0 = 4*j - 3*v - 19, v - 4*v + 9 = h. Is j a multiple of 2?
False
Does 7 divide 11 - 1/((-4)/12)?
True
Let f be ((-20)/(-16))/(2/(-8)). Let c(p) = p**2 + 3*p - 3. Is 7 a factor of c(f)?
True
Suppose 0 = -7*j + 12*j - 430. Is j a multiple of 15?
False
Let a be (-9)/3 + 22/(-1). Is (-1)/1*a/5 a multiple of 5?
True
Let f(i) = i**3 + 7*i**2 - 9*i - 4. Let u be f(-8). Suppose -3*v + o = -0*v - 156, 5*o - 189 = -u*v. Is 16 a factor of v?
False
Let q(x) = -22*x**3 + 2*x**2 - 3*x**2 - x + 1 + 2*x. Let s be q(-1). Suppose -5*y - u + 38 + 51 = 0, y - 3*u = s. Does 9 divide y?
True
Let c(x) = 2*x**3 - 3*x**2 + 1. Suppose -5*w + 5 = -10. Is c(w) a multiple of 8?
False
Suppose -2*w + 6*w + 368 = 0. Let f = w + 173. Does 27 divide f?
True
Suppose -r + 5*r - 5 = 5*w, -w - r = -8. Let v(k) = w - 5*k + 1 - 4. Is 10 a factor of v(-6)?
True
Suppose -13 = -2*a + 4*r - 1, 0 = 2*a - 3*r - 9. Let p = 22 + a. Is 11 a factor of p?
True
Suppose 17*p - 16*p - 18 = 0. Is p a multiple of 13?
False
Is 3 a factor of 72/(-18) + 12 + 1 + 1?
False
Let o be (-2)/((-4)/(-9))*6. Let t = o - -40. Is 5 a factor of t?
False
Let v(h) = 18*h**3 + 3*h**2 - 2*h + 2. Does 28 divide v(2)?
False
Let g(d) = -2*d + 4. Let t be g(3). Let c be 14/(2 + (-3 - t)). Let y = c + -10. Does 2 divide y?
True
Let l = 50 + -18. Is 19 a factor of l?
False
Let m(d) = d**2 - 8*d + 32. Is 4 a factor of m(8)?
True
Let a be (-4)/10*(2 + 3). Let w be ((-41)/a)/(4/40). Is w/10 + 2/(-4) a multiple of 10?
True
Let m = 97 - 55. Does 14 divide m?
True
Let g be 65 - 0/(1/(-1)). Does 13 divide (g/10)/(4/16)?
True
Let s = 447 + -287. Does 7 divide s?
False
Suppose 6*r - 68 = -8. Is r a multiple of 10?
True
Let d be (-7 - -7)*(0 + -1). Suppose -8*z + 3*z + 25 = d. Does 2 divide z?
False
Suppose 0*k + k - 1 = 0. Let w be 1 + (5 - 1)*k. Suppose 0 = w*h - 54 - 91. Is h a multiple of 13?
False
Suppose 0 = 5*t - 3*c - 13, -t = -3*t + 4*c + 8. Suppose q = t*q. Suppose q*g - 20 = -5*g. Is g even?
True
Suppose 0*i - 4*i = -36. Suppose 2*r - i = r. Is r a multiple of 3?
True
Let z be 18/30 - (-66)/(-10). Let w(y) = y**2 + 4*y - 4. Is 8 a factor of w(z)?
True
Let o(s) = -s**3 + 5*s**2 + 3*s + 1. Let l be o(4). Let p be 0/2 + 1 - -1. Suppose 19 + l = p*m. Does 12 divide m?
